 0 = -3*o - 0*o - 4*w + 114. What is the remainder when o is divided by 14?
10
Let q(t) = 58*t - 8. What is the remainder when q(3) is divided by 12?
10
Let u = -19 - -29. Calculate the remainder when 19 is divided by u.
9
Suppose 5*h - 12 = -47. Let i be 24/14 - 2/h. Suppose f + i*f = q + 147, -5*q - 185 = -4*f. What is the remainder when f is divided by 13?
11
Suppose 2*x - r = 31, -r - 3*r = -3*x + 39. Let m = x - 2. Calculate the remainder when 29 is divided by m.
14
Let o(j) = j**2 - 2*j - 9. Let u be o(8). Let n = -16 + u. What is the remainder when 89 is divided by n?
20
Suppose -26 - 1 = -h. Suppose -3*l + 8 + 1 = 0. Suppose 0 = 4*o - l*n - 220, 5*o + 4*n = o + 192. Calculate the remainder when o is divided by h.
25
Let q = -31 + -7. Let s = -16 - q. What is the remainder when s is divided by (-4)/(-22) + (-780)/(-66)?
10
Calculate the remainder when 52 is divided by (0 + 1)/(-1) + 12.
8
Let f = -3 - -7. Suppose 4*d = f, 4*c - 5*c - d + 7 = 0. Let a = c - 2. Calculate the remainder when 9 is divided by a.
1
Let m = 30 + -63. Let k = -105 - m. What is the remainder when 35 is divided by 2/(-9) - 880/k?
11
Let w be (-4)/(-3) - (-2)/3. Let v = w + 0. Suppose 5*a = 18 + v. Calculate the remainder when a is divided by 2.
0
Let c(k) = -k**3 + 8*k**2 + 10*k + 3. Let i be c(7). Let r = i + -76. Calculate the remainder when r is divided by 12.
10
Let i(x) be the third derivative of x**5/30 + x**4/24 + x**2. What is the remainder when i(3) is divided by 12?
9
Let c = -130 - -134. Calculate the remainder when 11 is divided by c.
3
Suppose 3*k - 373 = 4*v - 58, 4*v = 2*k - 206. Calculate the remainder when k is divided by 28.
25
Suppose -5*j + 40 = -5*h, 2*h - 9 = -h. Suppose -j = -4*s + 53. What is the remainder when s is divided by 6?
4
Suppose 2*v - 4*l = 4*v - 134, -3*l = -4*v + 268. Calculate the remainder when v is divided by 34.
33
Suppose 4*u - 3 = -z + 70, 88 = 4*u + 4*z. Suppose -2 = 2*f - 0. What is the remainder when u is divided by 3/3 + 9 + f?
8
Let r = 39 - 25. Calculate the remainder when 27 is divided by r.
13
Let b = 0 - -10. Let w = -41 + 70. What is the remainder when w is divided by b?
9
Suppose 2*d - d = t + 11, -2*d + t = -27. Let a(s) = s - 4. Let n = 10 + 0. What is the remainder when d is divided by a(n)?
4
Let m(w) = w**3 + 5*w**2 + 3. Let v be m(-5). Let y(l) = 0*l**3 + 6*l**2 + 2*l**3 - v*l**3 - 2*l - 4. What is the remainder when y(5) is divided by 6?
5
Let x(g) = -2*g - 26. Let q(h) = h + 13. Let u(s) = 13*q(s) + 6*x(s). What is the remainder when u(9) is divided by (-2)/(-5)*20/1?
6
Suppose -3*h = g - 3*g - 2, -5*g + 37 = 3*h. Let v(y) = y + 1. Let n(u) = -6*u - 10. Let p(b) = n(b) + 4*v(b). What is the remainder when p(-7) is divided by g?
3
Let o(p) = 7*p**2 + p. What is the remainder when 31 is divided by o(1)?
7
Let b(k) = 9*k + 5. What is the remainder when b(6) is divided by 20?
19
Suppose 0 = 42*r - 36*r - 114. What is the remainder when r is divided by 7?
5
Calculate the remainder when -3*(240/(-9) - (-3)/1) is divided by 24.
23
Let v(d) = 2*d - 9. Let l(m) = -1. Let o(y) = -2*l(y) + v(y). Let g = -2 - -9. Calculate the remainder when 12 is divided by o(g).
5
Suppose 4*n - 2 - 2 = 0. Let j(m) = -2 + 4*m + n + 12*m. What is the remainder when j(1) is divided by 8?
7
Let b(a) = a**2 + 18*a - 29. Calculate the remainder when 31 is divided by b(-20).
9
Suppose 3*b = 3*v + 4*b - 905, 0 = 4*v + b - 1207. Calculate the remainder when v is divided by 38.
36
Let z(o) = o + 7. Suppose h = 5*h. Suppose 0 = -l - 3*x + x + 5, -4*x - 4 = h. What is the remainder when z(5) is divided by l?
5
Let x = 30 - -8. Suppose -5*y + 81 + 19 = 0. What is the remainder when x is divided by y?
18
Let w be 1/((8/10)/4). Suppose s + 0*l - 40 = w*l, 3*s = l + 106. Calculate the remainder when s is divided by 12.
11
Let v(l) = l - 10. Suppose -3*q - 6 = -4*q. Let r be v(q). Let k(y) = -3*y + 5. What is the remainder when k(r) is divided by 9?
8
Suppose -5*o + 3*d = 65, 0 = -o + 2*d - 3*d - 21. Let b(t) = 4*t - 1. Calculate the remainder when b(6) is divided by ((-12)/o)/(1/16).
11
Let k be 0 + 1 + (-4 - -6). Suppose 3*v - r - 75 = -3*r, -k*v = -3*r - 90. Suppose 5*t - 41 = 29. Calculate the remainder when v is divided by t.
13
Let g be (-44 - -4)*(-4)/10. Suppose -2*q - g = -3*q. What is the remainder when q is divided by 6?
4
Let v = -6 + 15. Let w(t) = -3*t**3 + 2*t**2 + 2. What is the remainder when w(-2) is divided by v?
7
Suppose -353 = -5*h + 37. Suppose 0*o = -3*o + h. What is the remainder when o is divided by 14?
12
Let r(v) = 2*v**2 - 3*v. Calculate the remainder when r(4) is divided by 18.
2
Suppose 7*o - 10*o = -24. Calculate the remainder when o is divided by 3.
2
Let i(y) = -y**2 - 30*y - 61. What is the remainder when i(-19) is divided by 25?
23
Let z(c) = -c**2 + 11*c - 4. What is the remainder when 128 is divided by z(5)?
24
Let k be (3 - 1 - -2) + 0. Suppose -k*a + 150 = -a. Let s = 591 - 578. What is the remainder when a is divided by s?
11
Let b be 20 - (0 - -1)*1. Suppose 0 = -5*d + b + 6. Let s = 31 - d. Calculate the remainder when s is divided by 14.
12
Suppose -12*q - 78 = -14*q. Calculate the remainder when q is divided by 13.
0
Suppose -3*n + d - 92 = -3*d, -d = 3*n + 67. What is the remainder when (26/(-4))/(3/n) is divided by 11?
8
Suppose 8*t - 2*t = 78. What is the remainder when 23 is divided by t?
10
Suppose -4*j - 14 = 2. Let l(k) = -4*k - 2. What is the remainder when l(j) is divided by 5?
4
Let j(o) = 5*o**2 + 5*o + 7. Suppose 9 = 4*h + 37. Let m(b) = -2*b**2 - 2*b - 4. Let t(d) = h*m(d) - 3*j(d). Calculate the remainder when t(0) is divided by 3.
1
Suppose 2*r = 8 + 4. What is the remainder when 9 is divided by r?
3
What is the remainder when 7 is divided by (-2)/3*6/(-1)?
3
Let r(l) be the second derivative of -1/12*l**4 + 1/2*l**2 + 0 - 1/20*l**5 + 0*l**3 - l. Calculate the remainder when r(0) is divided by 1.
0
Let s(j) be the first derivative of -j**4/4 - j**3 + j + 2. What is the remainder when s(-4) is divided by -2*((-27)/6)/1?
8
Let r(z) = -8*z - 3. What is the remainder when 75 is divided by r(-2)?
10
Let r = -65 + 172. Suppose -j + w - 60 = 0, w + 198 = -3*j - 2*w. Let m = r + j. What is the remainder when m is divided by 15?
14
Suppose f + 3*r + 11 = 0, 0*f - 3*f + 17 = -r. Let u = f + -7. Calculate the remainder when 41 is divided by (-8)/u*42/8.
13
Let i = 10 + -6. Let s(d) = -4 + 3*d + d**2 + 1 + 2. What is the remainder when s(i) is divided by 14?
13
Suppose 12*h + 30 = 126. What is the remainder when 62 is divided by h?
6
Let b = 122 - -9. Suppose 3*k = 4*v - 163, -3*v - k + b = 12. Calculate the remainder when v is divided by 21.
19
Suppose -28 = -5*c - 8. What is the remainder when 10 is divided by c?
2
Let f = -47 - -31. Let r = 11 + -21. Let l = r - f. What is the remainder when 10 is divided by l?
4
Let l = 7 - 3. Suppose -5*f + l = 4*a, -5*a - 7 - 33 = -5*f. Calculate the remainder when 10 is divided by f.
2
Let d = 16 + -11. Suppose -3*g = -5*b - 157, 3*g - 148 = -d*b + 49. What is the remainder when g is divided by 15?
14
Suppose -102 = -4*v + 5*w - 31, -3*w = 3*v - 33. What is the remainder when 26 is divided by v?
12
Let y(t) = -3*t. Let c be y(-4). Suppose p + 1 = c. What is the remainder when 183/9 + 1/(-3) is divided by p?
9
Let w = 3 - 1. Suppose -m + 3*j + 8 = 0, -3*m - 3*j = -0*j - 60. Calculate the remainder when m is divided by (54/3)/(w/1).
8
Let i = -8 - -26. Calculate the remainder when 87 is divided by i.
15
Suppose 13*j = 10*j + 15. Let p(v) = v**2 + 5*v - 1. What is the remainder when p(j) is divided by 13?
10
Let i(n) = n**3 - n**2 + 97. What is the remainder when i(0) is divided by 25?
22
Let t(n) = -9*n**3 + n**2 + 20*n + 28. Let x(p) = -5*p**3 + p**2 + 10*p + 14. Let f(d) = 4*t(d) - 7*x(d). What is the remainder when f(-6) is divided by 32?
30
Let h be (1/(-3))/((-4)/48). Suppose -h*z + 12 = -24. What is the remainder when z is divided by (-2)/4 + 11/2?
4
Let u(r) = -r**3 + 6*r**2 - 5*r + 7. What is the remainder when 20 is divided by u(5)?
6
Suppose -10*p - 91 = -3*n - 5*p, -5*n + 145 = -5*p. Suppose 10 + 2 = -2*k. Let j = k + 21. Calculate the remainder when n is divided by j.
12
Let m = -30 - -42. Let b(q) = -8*q + 1. Let p be b(1). Let r = m + p. Calc